vided by i(67).
32
Suppose -3752 = -74*q + 29178. What is the remainder when 1786 is divided by q?
6
Let t = -667 - -672. Suppose -109 = -4*x - t*j, 4*j = 29 - 9. Calculate the remainder when 353 is divided by x.
17
Suppose -4*k + 5*k = -p + 3, 5*k = 4*p - 57. Suppose -p = 2*h, -447 = -5*i - 10*h + 8*h. What is the remainder when i is divided by 10?
1
Let i(d) = -d**2 - d + 22. Let q be i(-5). Suppose -q*c + 15 + 11 = 0. What is the remainder when 90 is divided by c?
12
Suppose 4*b = 4*f - 1388, -253*f = -248*f - 2*b - 1759. What is the remainder when f is divided by 88?
3
Suppose 0 = l - 3*b + 602, -3*b + 4*b - 1830 = 3*l. Let c = -43 - l. Calculate the remainder when c is divided by 95.
93
Suppose 0 = -2*q + 5*i + 14, -3*q + i + 11 - 3 = 0. Suppose 97 - 297 = -q*x. What is the remainder when x/6*33/22*1 is divided by 7?
4
Let w(j) = -39*j - 195. Let v be w(-5). Suppose 5*g - 389 = 3*h, -3*g - h - 34 + 273 = v. Calculate the remainder when g is divided by 8.
7
Let t(x) = 11*x - 40. Let h be t(6). Suppose 2*b - 32 = -h. Calculate the remainder when 13 is divided by b.
1
Calculate the remainder when 1085 is divided by 3*-2 - -2*(40 - 3).
65
Let w be (-6)/(18/33) - 4. Let p(q) = 2*q**3 + 31*q**2 + 15*q + 7. Let o(i) = 9*i - 5. Calculate the remainder when o(5) is divided by p(w).
5
Let x = -1284 + 2307. Let u = x + -989. Let p(d) = d**3 - d**2 - d + 3. What is the remainder when u is divided by p(3)?
16
Let y(v) = 2*v**2 - 6*v - 7. Suppose 3*t + 13 = 28. Calculate the remainder when 69 is divided by y(t).
4
Let y = -3632 + 3640. What is the remainder when 1958 is divided by y?
6
Suppose -116*m = -234*m - 108*m + 227130. Calculate the remainder when m is divided by 319.
48
Suppose -9*i - 14*i - 1564 = 0. Let s = -64 - i. What is the remainder when 143 is divided by s?
3
Suppose 0 = 3*p - 2*c + 12, 5*p - p = 2*c - 14. Calculate the remainder when ((-25)/(-5))/(-10)*p + 48 is divided by 11.
5
Let y(z) = -72*z + 11023. Calculate the remainder when y(143) is divided by 160.
87
Suppose 2*q + 16 = 6*q. Let l(u) = 81 + 20*u + 87 - 161. Calculate the remainder when l(q) is divided by 22.
21
Suppose 2*l - 1784 = 25*y - 21*y, -4*y - 890 = -l. What is the remainder when l is divided by 52?
10
Let l = -15391 + 15551. Calculate the remainder when 797 is divided by l.
157
Let j(d) be the first derivative of 4*d**3/3 - 2*d**2 - 5*d + 57. Calculate the remainder when j(-5) is divided by 30.
25
Let p(h) = -28*h**3 - 7*h**2 - 39*h - 58. Calculate the remainder when p(-2) is divided by 7.
6
Suppose 22*a - 27*a + g + 30 = 0, 0 = 4*a - 3*g - 35. Suppose -40 = -5*y + 13*q - 8*q, -q - 60 = -a*y. Calculate the remainder when 16 is divided by y.
3
Let s = -223 + 228. Suppose -5*c = 2*j - 21, -j = -s*c - 6*j + 15. What is the remainder when -2*((-99)/6 - 2) is divided by c?
2
Let l be 16*((-2)/(-6))/(8/(-24)). Let v = 65 + l. Let j = -43 + v. What is the remainder when j is divided by 4?
2
Suppose 24*r - 470 = 82. Suppose 0 = -2*c - 5*m + 21, m - 43 = -c + 5*m. What is the remainder when c is divided by r?
0
Let u = -867 + 597. Let s = 300 + u. Calculate the remainder when 118 is divided by s.
28
Let o = -3017 - -3033. What is the remainder when 316 is divided by o?
12
Let b = 4531 + -3569. What is the remainder when b is divided by 57?
50
Let d = -543 - -1275. Let v = d + -691. Calculate the remainder when 121 is divided by v.
39
Suppose -5*n - 621 = 4*o, 2*o - 3*o = -3*n - 359. Let s = n + 144. Calculate the remainder when 85 is divided by s.
16
Let q = 1960 - 1125. Calculate the remainder when q is divided by 12.
7
Calculate the remainder when (1*-2 - (5 + -724))*(-36)/(-54) is divided by 25.
3
Let q = -4175 + 4197. Let u(o) = 46*o**2 - 1. Let n be u(1). Calculate the remainder when (-1 - 1) + n + 0 is divided by q.
21
Suppose y - 4*z - 185 + 57 = 0, 0 = 3*y - 3*z - 357. What is the remainder when y is divided by 108?
8
Suppose -4*v - 333 = -2433. Calculate the remainder when 646 is divided by ((-24)/(-14))/(50/v).
16
Suppose -538*a + 110*a + 126260 = 0. Let r(y) = 33*y + 3. What is the remainder when a is divided by r(3)?
91
Suppose 11 = -4*n + 19. Suppose -n*y + v = -92, 4*v - 180 = -4*y + 5*v. Calculate the remainder when y is divided by 10.
4
Suppose -2*v + 0*v = -4. Suppose -2 = 5*i - 17, 6 = -4*f + v*i. Suppose f = g - 2*g + 17. Calculate the remainder when g is divided by 10.
7
Let l(d) be the third derivative of d**4/24 + 6*d**3 - 6*d**2. What is the remainder when l(38) is divided by 26?
22
Let b(x) = x**3 + 6*x**2 + 3*x - 6. Let u be b(-5). Let d(a) = 5*a**2 + 10*a + 10. Calculate the remainder when d(u) is divided by 33.
31
Suppose 0 = -5*j + 12*y - 10*y + 768, 0 = y - 1. What is the remainder when 7384 is divided by j?
146
Suppose -173*x + 35100 = 58*x + 159*x. What is the remainder when 276 is divided by x?
6
Let z(l) = -415*l - 507. What is the remainder when z(-3) is divided by 37?
35
Suppose -1073 = -5*i + 182. Calculate the remainder when i is divided by 39.
17
Let n(c) = c**3 + 37*c**2 - 125*c + 3. What is the remainder when n(-40) is divided by 197?
6
Let j = 42 - 38. Suppose -4*s - 1 = -0*b - b, -4*s + 84 = j*b. Calculate the remainder when 45 is divided by b.
11
Suppose -5*o - 48 = -3*p, 552*p = 547*p - 4*o + 43. Calculate the remainder when 1004 is divided by p.
3
Let t = 788 + 1758. What is the remainder when t is divided by 49?
47
Suppose -3*q + 8*q = 125. Let l be (-7)/(-42) + (-14)/12. Let m = l - -5. Calculate the remainder when q is divided by m.
1
Let y be 23 - 6/(1 + 2). Suppose 9*v = 2*v + y. Suppose v*w = 0, 4*w + 84 = 5*j - j. Calculate the remainder when 55 is divided by j.
13
Let u(y) = 4*y**2 - 15. Let t(v) = 9*v**2 - v - 29. Let r(k) = 3*t(k) - 7*u(k). Calculate the remainder when 41 is divided by r(-5).
1
Let c(m) = -4*m + 11. Let k = 386 + -374. What is the remainder when k is divided by c(0)?
1
Suppose -3*i = 2*m - 2248, -201 = -2*i - 2*m + 1299. Calculate the remainder when i is divided by 181.
24
What is the remainder when 7699 is divided by 28/(-98) - (5 - (-177)/(-7))?
19
Let q be (1 - 2)/((-48)/(-2832)). Let l = q - -167. Calculate the remainder when 110 is divided by l.
2
Let v = -77 + 72. What is the remainder when (((-2860)/v)/2)/1 is divided by 36?
34
Let o(q) = 4*q**2 - 10*q - q**3 - 7 - q + 14*q. Let b(l) = 5*l**3 - 2*l**2 + 1. Let a be b(1). Calculate the remainder when 14 is divided by o(a).
4
Let a be (-3)/7 - 536/56. Let q = -6 - a. Suppose 37 = q*b - 43. What is the remainder when 59 is divided by b?
19
Calculate the remainder when (-9)/(-6)*-283*(5 - 7) is divided by 281.
6
What is the remainder when 951 is divided by (-1*1/(-2)*-4)/((-36)/1224)?
67
Suppose 5*i - 28 = -q, 16 = q - 0*q + i. Suppose -f + 294 = 205. What is the remainder when f is divided by q?
11
Let r(b) = b**3 - 4*b**2 - 2*b - 7. Calculate the remainder when 4/3*(65/195 + (-838)/(-24)) is divided by r(5).
7
Let n = 5365 - 5212. What is the remainder when n is divided by 95?
58
Let h(s) = 2*s + 226. Calculate the remainder when 67 is divided by h(-82).
5
What is the remainder when 713 is divided by (-2)/(2*4 - ((-84986)/(-3146) + -19))?
141
Suppose -8*w - 3*r + 1679 = 0, 45*w - r + 213 = 46*w. Let h(s) = -s + 51. Let i be h(0). Let p = -9 + i. What is the remainder when w is divided by p?
40
Let q(b) = b**2 + 4*b - 47. Suppose -3*o - 4 - 14 = 0. What is the remainder when q(8) is divided by (-58)/(-4) + o/4?
10
Suppose -3*m - 54 - 8 = -4*h, 3*m + 76 = 5*h. Let l = -78 - -62. What is the remainder when (l - -14)/(1/(-19)) is divided by h?
10
What is the remainder when (1407/6)/7*1*-7*-10 is divided by 772?
29
Let a(q) = q**3 - 12*q**2 + 11*q + 15. Let f be (1 + (-2)/4)*6. Suppose -w - 4*m = -0*w - 14, 0 = -m - f. What is the remainder when w is divided by a(11)?
11
Suppose -5*t - 3*h = -406, -5*h - 184 = -t - 142. Calculate the remainder when t is divided by -3 + 1 + 1 + 40.
38
Let v = 93 + -93. Suppose 2*n + 4*f = -v*f + 10, -4*n - 4*f + 40 = 0. What is the remainder when 27 is divided by n?
12
Let u(m) = -2*m**3 + 18*m**2 - 35*m + 157. What is the remainder when u(7) is divided by 9?
0
Suppose 29*k = -432 + 519. Calculate the remainder when 2211 is divided by k.
0
Let l(y) = y**2 + 25*y + 129. Let k = 228 + -248. Calculate the remainder when